{"id":2024,"date":"2022-07-11T21:40:23","date_gmt":"2022-07-12T00:40:23","guid":{"rendered":"https:\/\/consultoriaurum.com.br\/?page_id=2024"},"modified":"2023-05-10T21:49:48","modified_gmt":"2023-05-11T00:49:48","slug":"isabella-tucci-silva","status":"publish","type":"page","link":"https:\/\/consultoriaurum.com.br\/index.php\/isabella-tucci-silva\/","title":{"rendered":"Isabella Tucci Silva"},"content":{"rendered":"<div class=\"wpb-content-wrapper\"><p>[vc_row][vc_column][vc_row_inner][vc_column_inner width=&#8221;2\/3&#8243; offset=&#8221;vc_col-lg-3 vc_col-md-3&#8243;][ct_team_member image=&#8221;1992&#8243; title=&#8221;Isabella Tucci Silva&#8221; position=&#8221;Advogada&#8221;][\/vc_column_inner][vc_column_inner width=&#8221;1\/3&#8243; offset=&#8221;vc_col-lg-9 vc_col-md-9&#8243; css=&#8221;.vc_custom_1657646741007{margin-top: 10px !important;}&#8221;][vc_column_text]Advogada. Assessora Legislativa e Membro da Comiss\u00e3o de Licita\u00e7\u00f5es na C\u00e2mara Municipal de Joan\u00f3polis\/SP. P\u00f3s Graduada em Direito P\u00fablico, Direito Processual Civil e Direito Imobili\u00e1rio e Registral. Possui extens\u00e3o de gradua\u00e7\u00e3o em Prote\u00e7\u00e3o de Dados e Data Protection Officer.<\/p>\n<p>Professora de Direito Administrativo em Prepara\u00e7\u00e3o Pr\u00e1tico Profisional &#8211; Prepara\u00e7\u00e3o para OAB, Centro Universit\u00e1rio UNIFAAT.<\/p>\n<p>Al\u00e9m de outras extens\u00f5es de gradua\u00e7\u00e3o, possui vasta experi\u00eancia nas \u00e1reas de contratos, obriga\u00e7\u00f5es e responsabilidade civil. \u00c9, ainda, coautora de \u201cOs Cybercrimes e a Investiga\u00e7\u00e3o Digital: Novos Paradigmas para Persecu\u00e7\u00e3o Penal\u201d &#8211; Revista Momentum, ano 18 &#8211; Vol. 1 &#8211; no 18 &#8211; 2020.[\/vc_column_text][ct_contact_info content_type=&#8221;email&#8221; icon_fontawesome=&#8221;fas fa-envelope&#8221; content_info=&#8221;isabella@consultoriaurum.com.br&#8221;][\/vc_column_inner][\/vc_row_inner][\/vc_column][\/vc_row]<\/p>\n<\/div>","protected":false},"excerpt":{"rendered":"<p>[vc_row][vc_column][vc_row_inner][vc_column_inner width=&#8221;2\/3&#8243; offset=&#8221;vc_col-lg-3 vc_col-md-3&#8243;][ct_team_member image=&#8221;1992&#8243; title=&#8221;Isabella Tucci Silva&#8221; position=&#8221;Advogada&#8221;][\/vc_column_inner][vc_column_inner width=&#8221;1\/3&#8243; offset=&#8221;vc_col-lg-9 vc_col-md-9&#8243; css=&#8221;.vc_custom_1657646741007{margin-top: 10px !important;}&#8221;][vc_column_text]Advogada. Assessora Legislativa e Membro da Comiss\u00e3o de Licita\u00e7\u00f5es na C\u00e2mara Municipal de Joan\u00f3polis\/SP. P\u00f3s Graduada em Direito P\u00fablico, Direito Processual Civil e Direito Imobili\u00e1rio e Registral. Possui extens\u00e3o de gradua\u00e7\u00e3o em Prote\u00e7\u00e3o de Dados e Data Protection Officer. Professora de [&hellip;]<\/p>\n","protected":false},"author":1,"featured_media":0,"parent":0,"menu_order":0,"comment_status":"closed","ping_status":"closed","template":"","meta":{"footnotes":""},"class_list":["post-2024","page","type-page","status-publish","hentry"],"_links":{"self":[{"href":"https:\/\/consultoriaurum.com.br\/index.php\/wp-json\/wp\/v2\/pages\/2024","targetHints":{"allow":["GET"]}}],"collection":[{"href":"https:\/\/consultoriaurum.com.br\/index.php\/wp-json\/wp\/v2\/pages"}],"about":[{"href":"https:\/\/consultoriaurum.com.br\/index.php\/wp-json\/wp\/v2\/types\/page"}],"author":[{"embeddable":true,"href":"https:\/\/consultoriaurum.com.br\/index.php\/wp-json\/wp\/v2\/users\/1"}],"replies":[{"embeddable":true,"href":"https:\/\/consultoriaurum.com.br\/index.php\/wp-json\/wp\/v2\/comments?post=2024"}],"version-history":[{"count":11,"href":"https:\/\/consultoriaurum.com.br\/index.php\/wp-json\/wp\/v2\/pages\/2024\/revisions"}],"predecessor-version":[{"id":2149,"href":"https:\/\/consultoriaurum.com.br\/index.php\/wp-json\/wp\/v2\/pages\/2024\/revisions\/2149"}],"wp:attachment":[{"href":"https:\/\/consultoriaurum.com.br\/index.php\/wp-json\/wp\/v2\/media?parent=2024"}],"curies":[{"name":"wp","href":"https:\/\/api.w.org\/{rel}","templated":true}]}}

<div class="wpb-content-wrapper"><p>[vc_row][vc_column][vc_row_inner][vc_column_inner width=&#8221;2/3&#8243; offset=&#8221;vc_col-lg-3 vc_col-md-3&#8243;][ct_team_member image=&#8221;1992&#8243; title=&#8221;Isabella Tucci Silva&#8221; position=&#8221;Advogada&#8221;][/vc_column_inner][vc_column_inner width=&#8221;1/3&#8243; offset=&#8221;vc_col-lg-9 vc_col-md-9&#8243; css=&#8221;.vc_custom_1657646741007{margin-top: 10px !important;}&#8221;][vc_column_text]Advogada. Assessora Legislativa e Membro da Comissão de Licitações na Câmara Municipal de Joanópolis/SP. Pós Graduada em Direito Público, Direito Processual Civil e Direito Imobiliário e Registral. Possui extensão de graduação em Proteção de Dados e Data Protection Officer.</p>
<p>Professora de Direito Administrativo em Preparação Prático Profisional &#8211; Preparação para OAB, Centro Universitário UNIFAAT.</p>
<p>Além de outras extensões de graduação, possui vasta experiência nas áreas de contratos, obrigações e responsabilidade civil. É, ainda, coautora de “Os Cybercrimes e a Investigação Digital: Novos Paradigmas para Persecução Penal” &#8211; Revista Momentum, ano 18 &#8211; Vol. 1 &#8211; no 18 &#8211; 2020.[/vc_column_text][ct_contact_info content_type=&#8221;email&#8221; icon_fontawesome=&#8221;fas fa-envelope&#8221; content_info=&#8221;isabella@consultoriaurum.com.br&#8221;][/vc_column_inner][/vc_row_inner][/vc_column][/vc_row]</p>
</div>

<p>[vc_row][vc_column][vc_row_inner][vc_column_inner width=&#8221;2/3&#8243; offset=&#8221;vc_col-lg-3 vc_col-md-3&#8243;][ct_team_member image=&#8221;1992&#8243; title=&#8221;Isabella Tucci Silva&#8221; position=&#8221;Advogada&#8221;][/vc_column_inner][vc_column_inner width=&#8221;1/3&#8243; offset=&#8221;vc_col-lg-9 vc_col-md-9&#8243; css=&#8221;.vc_custom_1657646741007{margin-top: 10px !important;}&#8221;][vc_column_text]Advogada. Assessora Legislativa e Membro da Comissão de Licitações na Câmara Municipal de Joanópolis/SP. Pós Graduada em Direito Público, Direito Processual Civil e Direito Imobiliário e Registral. Possui extensão de graduação em Proteção de Dados e Data Protection Officer. Professora de [&hellip;]</p>
